CRAN Package Check Results for Package equaltestMI

Last updated on 2025-01-19 05:49:07 CET.

Flavor Version Tinstall Tcheck Ttotal Status Flags
r-devel-linux-x86_64-debian-clang 0.6.1 3.73 40.92 44.65 OK
r-devel-linux-x86_64-debian-gcc 0.6.1 2.51 29.73 32.24 OK
r-devel-linux-x86_64-fedora-clang 0.6.1 74.16 OK
r-devel-linux-x86_64-fedora-gcc 0.6.1 83.76 OK
r-devel-windows-x86_64 0.6.1 5.00 69.00 74.00 OK
r-patched-linux-x86_64 0.6.1 3.81 38.52 42.33 OK
r-release-linux-x86_64 0.6.1 3.66 38.98 42.64 OK
r-release-macos-arm64 0.6.1 29.00 OK
r-release-macos-x86_64 0.6.1 73.00 OK
r-release-windows-x86_64 0.6.1 5.00 68.00 73.00 OK
r-oldrel-macos-arm64 0.6.1 30.00 OK
r-oldrel-macos-x86_64 0.6.1 48.00 NOTE
r-oldrel-windows-x86_64 0.6.1 4.00 73.00 77.00 OK

Check Details

Version: 0.6.1
Check: package dependencies
Result: NOTE Package suggested but not available for checking: ‘semTools’ Flavor: r-oldrel-macos-x86_64

Version: 0.6.1
Check: Rd cross-references
Result: NOTE Packages unavailable to check Rd xrefs: ‘OpenMx’, ‘semTools’ Flavor: r-oldrel-macos-x86_64