Last updated on 2025-01-19 05:49:07 CET.
Flavor | Version | Tinstall | Tcheck | Ttotal | Status | Flags |
---|---|---|---|---|---|---|
r-devel-linux-x86_64-debian-clang | 1.1.1 | 45.26 | 130.22 | 175.48 | OK | |
r-devel-linux-x86_64-debian-gcc | 1.1.1 | 33.37 | 94.46 | 127.83 | OK | |
r-devel-linux-x86_64-fedora-clang | 1.1.1 | 291.47 | OK | |||
r-devel-linux-x86_64-fedora-gcc | 1.1.1 | 307.32 | OK | |||
r-devel-windows-x86_64 | 1.1.1 | 43.00 | 158.00 | 201.00 | OK | |
r-patched-linux-x86_64 | 1.1.1 | 44.31 | 124.15 | 168.46 | OK | |
r-release-linux-x86_64 | 1.1.1 | 46.06 | 124.07 | 170.13 | OK | |
r-release-macos-arm64 | 1.1.1 | 77.00 | NOTE | |||
r-release-macos-x86_64 | 1.1.1 | 103.00 | OK | |||
r-release-windows-x86_64 | 1.1.1 | 40.00 | 153.00 | 193.00 | OK | |
r-oldrel-macos-arm64 | 1.1.1 | 94.00 | NOTE | |||
r-oldrel-macos-x86_64 | 1.1.1 | 125.00 | OK | |||
r-oldrel-windows-x86_64 | 1.1.1 | 56.00 | 192.00 | 248.00 | OK |
Version: 1.1.1
Check: installed package size
Result: NOTE
installed size is 5.3Mb
sub-directories of 1Mb or more:
doc 1.0Mb
libs 4.1Mb
Flavors: r-release-macos-arm64, r-oldrel-macos-arm64