CRAN Package Check Results for Package errorist

Last updated on 2025-01-19 05:49:08 CET.

Flavor Version Tinstall Tcheck Ttotal Status Flags
r-devel-linux-x86_64-debian-clang 0.1.2 1.69 22.11 23.80 NOTE
r-devel-linux-x86_64-debian-gcc 0.1.2 1.51 18.23 19.74 NOTE
r-devel-linux-x86_64-fedora-clang 0.1.2 39.76 OK
r-devel-linux-x86_64-fedora-gcc 0.1.2 51.83 OK
r-devel-windows-x86_64 0.1.2 5.00 44.00 49.00 NOTE
r-patched-linux-x86_64 0.1.2 3.23 20.84 24.07 OK
r-release-linux-x86_64 0.1.2 1.64 20.96 22.60 OK
r-release-macos-arm64 0.1.2 23.00 OK
r-release-macos-x86_64 0.1.2 51.00 OK
r-release-windows-x86_64 0.1.2 3.00 45.00 48.00 OK
r-oldrel-macos-arm64 0.1.2 24.00 OK
r-oldrel-macos-x86_64 0.1.2 50.00 OK
r-oldrel-windows-x86_64 0.1.2 3.00 46.00 49.00 OK

Check Details

Version: 0.1.2
Check: Rd cross-references
Result: NOTE Found the following Rd file(s) with Rd \link{} targets missing package anchors: errorist_init.Rd: searcher shims.Rd: searcher Please provide package anchors for all Rd \link{} targets not in the package itself and the base packages. Flavors: r-devel-linux-x86_64-debian-clang, r-devel-linux-x86_64-debian-gcc, r-devel-windows-x86_64