Last updated on 2024-04-17 13:57:27 CEST.
Flavor | Version | Tinstall | Tcheck | Ttotal | Status | Flags |
---|---|---|---|---|---|---|
r-devel-linux-x86_64-debian-clang | 1.2.1.1 | 2.70 | 29.56 | 32.26 | NOTE | |
r-devel-linux-x86_64-debian-gcc | 1.2.1.1 | 2.24 | 22.61 | 24.85 | NOTE | |
r-devel-linux-x86_64-fedora-clang | 1.2.1.1 | 40.40 | NOTE | |||
r-devel-linux-x86_64-fedora-gcc | 1.2.1.1 | 38.79 | NOTE | |||
r-prerel-macos-arm64 | 1.2.1.1 | 18.00 | NOTE | |||
r-prerel-windows-x86_64 | 1.2.1.1 | 3.00 | 44.00 | 47.00 | NOTE | |
r-patched-linux-x86_64 | 1.2.1.1 | 2.66 | 28.40 | 31.06 | NOTE | |
r-release-linux-x86_64 | 1.2.1.1 | 2.41 | 28.06 | 30.47 | OK | |
r-release-macos-arm64 | 1.2.1.1 | 22.00 | OK | |||
r-release-macos-x86_64 | 1.2.1.1 | 24.00 | OK | |||
r-release-windows-x86_64 | 1.2.1.1 | 4.00 | 81.00 | 85.00 | OK | |
r-oldrel-macos-arm64 | 1.2.1.1 | 26.00 | OK | |||
r-oldrel-windows-x86_64 | 1.2.1.1 | 5.00 | 50.00 | 55.00 | OK |
Version: 1.2.1.1
Check: Rd metadata
Result: NOTE
Invalid package aliases in Rd file 'esaBcv_package.Rd':
‘esaBcv_package-package’
Flavors: r-devel-linux-x86_64-debian-clang, r-devel-linux-x86_64-debian-gcc, r-devel-linux-x86_64-fedora-clang, r-devel-linux-x86_64-fedora-gcc, r-prerel-macos-arm64, r-prerel-windows-x86_64, r-patched-linux-x86_64