Last updated on 2024-04-17 13:57:27 CEST.
Flavor | Version | Tinstall | Tcheck | Ttotal | Status | Flags |
---|---|---|---|---|---|---|
r-devel-linux-x86_64-debian-clang | 0.5.1 | 4.08 | 32.56 | 36.64 | OK | |
r-devel-linux-x86_64-debian-gcc | 0.5.1 | 2.39 | 23.62 | 26.01 | OK | |
r-devel-linux-x86_64-fedora-clang | 0.5.1 | 44.92 | NOTE | |||
r-devel-linux-x86_64-fedora-gcc | 0.5.1 | 42.55 | OK | |||
r-prerel-macos-arm64 | 0.5.1 | 16.00 | OK | |||
r-prerel-windows-x86_64 | 0.5.1 | 4.00 | 48.00 | 52.00 | OK | |
r-patched-linux-x86_64 | 0.5.1 | 3.30 | 30.59 | 33.89 | OK | |
r-release-linux-x86_64 | 0.5.1 | 3.03 | 30.72 | 33.75 | OK | |
r-release-macos-arm64 | 0.5.1 | 19.00 | OK | |||
r-release-macos-x86_64 | 0.5.1 | 23.00 | OK | |||
r-release-windows-x86_64 | 0.5.1 | 4.00 | 51.00 | 55.00 | OK | |
r-oldrel-macos-arm64 | 0.5.1 | 17.00 | OK | |||
r-oldrel-windows-x86_64 | 0.5.1 | 9.00 | 54.00 | 63.00 | OK |
Version: 0.5.1
Check: Rd cross-references
Result: NOTE
Undeclared package ‘metafor’ in Rd xrefs
Flavor: r-devel-linux-x86_64-fedora-clang