Last updated on 2024-04-17 13:57:27 CEST.
Flavor | Version | Tinstall | Tcheck | Ttotal | Status | Flags |
---|---|---|---|---|---|---|
r-devel-linux-x86_64-debian-clang | 0.0.3 | 34.28 | 327.99 | 362.27 | NOTE | |
r-devel-linux-x86_64-debian-gcc | 0.0.3 | 24.17 | 226.89 | 251.06 | NOTE | |
r-devel-linux-x86_64-fedora-clang | 0.0.3 | 428.10 | NOTE | |||
r-devel-linux-x86_64-fedora-gcc | 0.0.3 | 404.58 | NOTE | |||
r-prerel-macos-arm64 | 0.0.3 | 95.00 | NOTE | |||
r-prerel-windows-x86_64 | 0.0.3 | 24.00 | 194.00 | 218.00 | NOTE | |
r-patched-linux-x86_64 | 0.0.3 | 28.86 | 301.90 | 330.76 | NOTE | |
r-release-linux-x86_64 | 0.0.3 | 32.06 | 299.81 | 331.87 | NOTE | |
r-release-macos-arm64 | 0.0.3 | 96.00 | NOTE | |||
r-release-macos-x86_64 | 0.0.3 | 178.00 | NOTE | |||
r-release-windows-x86_64 | 0.0.3 | 34.00 | 262.00 | 296.00 | NOTE | |
r-oldrel-macos-arm64 | 0.0.3 | 78.00 | NOTE | |||
r-oldrel-windows-x86_64 | 0.0.3 | 34.00 | 254.00 | 288.00 | NOTE |
Version: 0.0.3
Check: LazyData
Result: NOTE
'LazyData' is specified without a 'data' directory
Flavors: r-devel-linux-x86_64-debian-clang, r-devel-linux-x86_64-debian-gcc, r-devel-linux-x86_64-fedora-clang, r-devel-linux-x86_64-fedora-gcc, r-prerel-macos-arm64, r-prerel-windows-x86_64, r-patched-linux-x86_64, r-release-linux-x86_64, r-release-macos-arm64, r-release-macos-x86_64, r-release-windows-x86_64, r-oldrel-macos-arm64, r-oldrel-windows-x86_64