CRAN Package Check Results for Package ess

Last updated on 2025-01-19 05:49:08 CET.

Flavor Version Tinstall Tcheck Ttotal Status Flags
r-devel-linux-x86_64-debian-clang 1.1.2 22.46 49.36 71.82 NOTE
r-devel-linux-x86_64-debian-gcc 1.1.2 16.02 34.80 50.82 NOTE
r-devel-linux-x86_64-fedora-clang 1.1.2 119.82 NOTE
r-devel-linux-x86_64-fedora-gcc 1.1.2 118.02 NOTE
r-devel-windows-x86_64 1.1.2 24.00 85.00 109.00 NOTE
r-patched-linux-x86_64 1.1.2 22.22 41.65 63.87 NOTE
r-release-linux-x86_64 1.1.2 22.89 41.66 64.55 NOTE
r-release-macos-arm64 1.1.2 36.00 NOTE
r-release-macos-x86_64 1.1.2 46.00 NOTE
r-release-windows-x86_64 1.1.2 26.00 78.00 104.00 NOTE
r-oldrel-macos-arm64 1.1.2 38.00 NOTE
r-oldrel-macos-x86_64 1.1.2 58.00 NOTE
r-oldrel-windows-x86_64 1.1.2 30.00 95.00 125.00 NOTE

Check Details

Version: 1.1.2
Check: C++ specification
Result: NOTE Specified C++11: please drop specification unless essential Flavors: r-devel-linux-x86_64-debian-clang, r-devel-linux-x86_64-debian-gcc, r-devel-linux-x86_64-fedora-clang, r-devel-linux-x86_64-fedora-gcc, r-devel-windows-x86_64, r-patched-linux-x86_64, r-release-linux-x86_64, r-release-macos-arm64, r-release-macos-x86_64, r-release-windows-x86_64, r-oldrel-macos-arm64, r-oldrel-macos-x86_64, r-oldrel-windows-x86_64