Last updated on 2024-04-20 20:00:03 CEST.
Flavor | Version | Tinstall | Tcheck | Ttotal | Status | Flags |
---|---|---|---|---|---|---|
r-devel-linux-x86_64-debian-clang | 1.2.2 | 43.36 | 108.57 | 151.93 | NOTE | |
r-devel-linux-x86_64-debian-gcc | 1.2.2 | 27.69 | 73.81 | 101.50 | NOTE | |
r-devel-linux-x86_64-fedora-clang | 1.2.2 | 191.20 | NOTE | |||
r-devel-linux-x86_64-fedora-gcc | 1.2.2 | 186.67 | NOTE | |||
r-prerel-macos-arm64 | 1.2.2 | 42.00 | NOTE | |||
r-prerel-windows-x86_64 | 1.2.2 | 31.00 | 236.00 | 267.00 | NOTE | |
r-patched-linux-x86_64 | 1.2.2 | 34.30 | 105.86 | 140.16 | NOTE | |
r-release-linux-x86_64 | 1.2.2 | 35.98 | 108.92 | 144.90 | NOTE | |
r-release-macos-arm64 | 1.2.2 | 48.00 | NOTE | |||
r-release-macos-x86_64 | 1.2.2 | 87.00 | NOTE | |||
r-release-windows-x86_64 | 1.2.2 | 38.00 | 196.00 | 234.00 | NOTE | |
r-oldrel-macos-arm64 | 1.2.2 | 46.00 | NOTE | |||
r-oldrel-windows-x86_64 | 1.2.2 | 37.00 | 198.00 | 235.00 | NOTE |
Version: 1.2.2
Check: LazyData
Result: NOTE
'LazyData' is specified without a 'data' directory
Flavors: r-devel-linux-x86_64-debian-clang, r-devel-linux-x86_64-debian-gcc, r-devel-linux-x86_64-fedora-clang, r-devel-linux-x86_64-fedora-gcc, r-prerel-macos-arm64, r-prerel-windows-x86_64, r-patched-linux-x86_64, r-release-linux-x86_64, r-release-macos-arm64, r-release-macos-x86_64, r-release-windows-x86_64, r-oldrel-macos-arm64, r-oldrel-windows-x86_64