Last updated on 2024-04-17 13:57:27 CEST.
Flavor | Version | Tinstall | Tcheck | Ttotal | Status | Flags |
---|---|---|---|---|---|---|
r-devel-linux-x86_64-debian-clang | 0.2.6 | 10.98 | 123.76 | 134.74 | OK | |
r-devel-linux-x86_64-debian-gcc | 0.2.6 | 9.79 | 90.81 | 100.60 | OK | |
r-devel-linux-x86_64-fedora-clang | 0.2.6 | 168.90 | NOTE | |||
r-devel-linux-x86_64-fedora-gcc | 0.2.6 | 174.01 | NOTE | |||
r-prerel-macos-arm64 | 0.2.6 | 46.00 | OK | |||
r-prerel-windows-x86_64 | 0.2.6 | 13.00 | 110.00 | 123.00 | OK | |
r-patched-linux-x86_64 | 0.2.6 | 11.28 | 118.16 | 129.44 | OK | |
r-release-linux-x86_64 | 0.2.6 | 10.06 | 120.48 | 130.54 | OK | |
r-release-macos-arm64 | 0.2.6 | 56.00 | OK | |||
r-release-macos-x86_64 | 0.2.6 | 88.00 | OK | |||
r-release-windows-x86_64 | 0.2.6 | 18.00 | 129.00 | 147.00 | OK | |
r-oldrel-macos-arm64 | 0.2.6 | 43.00 | NOTE | |||
r-oldrel-windows-x86_64 | 0.2.6 | 17.00 | 125.00 | 142.00 | OK |
Version: 0.2.6
Check: dependencies in R code
Result: NOTE
Namespace in Imports field not imported from: ‘EnvStats’
All declared Imports should be used.
Flavors: r-devel-linux-x86_64-fedora-clang, r-devel-linux-x86_64-fedora-gcc, r-oldrel-macos-arm64