CRAN Package Check Results for Package event

Last updated on 2025-01-19 05:49:08 CET.

Flavor Version Tinstall Tcheck Ttotal Status Flags
r-devel-linux-x86_64-debian-clang 1.1.1 6.63 35.48 42.11 NOTE
r-devel-linux-x86_64-debian-gcc 1.1.1 5.05 25.42 30.47 NOTE
r-devel-linux-x86_64-fedora-clang 1.1.1 67.70 NOTE
r-devel-linux-x86_64-fedora-gcc 1.1.1 66.02 NOTE
r-devel-windows-x86_64 1.1.1 10.00 69.00 79.00 NOTE
r-patched-linux-x86_64 1.1.1 7.17 33.65 40.82 NOTE
r-release-linux-x86_64 1.1.1 5.98 34.12 40.10 NOTE
r-release-macos-arm64 1.1.1 22.00 NOTE
r-release-macos-x86_64 1.1.1 36.00 NOTE
r-release-windows-x86_64 1.1.1 10.00 67.00 77.00 NOTE
r-oldrel-macos-arm64 1.1.1 23.00 NOTE
r-oldrel-macos-x86_64 1.1.1 37.00 NOTE
r-oldrel-windows-x86_64 1.1.1 11.00 73.00 84.00 NOTE

Check Details

Version: 1.1.1
Check: package subdirectories
Result: NOTE Problems with news in ‘NEWS.md’: No news entries found. Flavors: r-devel-linux-x86_64-debian-clang, r-devel-linux-x86_64-debian-gcc, r-devel-linux-x86_64-fedora-clang, r-devel-linux-x86_64-fedora-gcc, r-devel-windows-x86_64, r-patched-linux-x86_64, r-release-linux-x86_64, r-release-macos-arm64, r-release-macos-x86_64, r-release-windows-x86_64, r-oldrel-macos-arm64, r-oldrel-macos-x86_64, r-oldrel-windows-x86_64

Version: 1.1.1
Check: LazyData
Result: NOTE 'LazyData' is specified without a 'data' directory Flavors: r-patched-linux-x86_64, r-release-linux-x86_64, r-release-macos-arm64, r-release-macos-x86_64, r-release-windows-x86_64, r-oldrel-macos-arm64, r-oldrel-macos-x86_64, r-oldrel-windows-x86_64