Last updated on 2025-01-19 05:49:08 CET.
Flavor | Version | Tinstall | Tcheck | Ttotal | Status | Flags |
---|---|---|---|---|---|---|
r-devel-linux-x86_64-debian-clang | 1.1 | 9.88 | 82.25 | 92.13 | NOTE | |
r-devel-linux-x86_64-debian-gcc | 1.1 | 7.83 | 62.42 | 70.25 | NOTE | |
r-devel-linux-x86_64-fedora-clang | 1.1 | 149.40 | NOTE | |||
r-devel-linux-x86_64-fedora-gcc | 1.1 | 140.17 | NOTE | |||
r-devel-windows-x86_64 | 1.1 | 13.00 | 94.00 | 107.00 | OK | |
r-patched-linux-x86_64 | 1.1 | 10.35 | 77.60 | 87.95 | NOTE | |
r-release-linux-x86_64 | 1.1 | 9.43 | 77.05 | 86.48 | NOTE | |
r-release-macos-arm64 | 1.1 | 43.00 | OK | |||
r-release-macos-x86_64 | 1.1 | 68.00 | OK | |||
r-release-windows-x86_64 | 1.1 | 14.00 | 96.00 | 110.00 | OK | |
r-oldrel-macos-arm64 | 1.1 | 45.00 | OK | |||
r-oldrel-macos-x86_64 | 1.1 | 73.00 | OK | |||
r-oldrel-windows-x86_64 | 1.1 | 14.00 | 115.00 | 129.00 | OK |
Version: 1.1
Check: for non-standard things in the check directory
Result: NOTE
Found the following files/directories:
‘sample .nwk’
Flavors: r-devel-linux-x86_64-debian-clang, r-devel-linux-x86_64-debian-gcc, r-devel-linux-x86_64-fedora-clang, r-devel-linux-x86_64-fedora-gcc, r-patched-linux-x86_64, r-release-linux-x86_64