CRAN Package Check Results for Package evolqg

Last updated on 2025-01-19 05:49:08 CET.

Flavor Version Tinstall Tcheck Ttotal Status Flags
r-devel-linux-x86_64-debian-clang 0.3-4 28.65 295.23 323.88 NOTE
r-devel-linux-x86_64-debian-gcc 0.3-4 21.95 191.74 213.69 NOTE
r-devel-linux-x86_64-fedora-clang 0.3-4 537.73 OK
r-devel-linux-x86_64-fedora-gcc 0.3-4 512.98 OK
r-devel-windows-x86_64 0.3-4 38.00 288.00 326.00 NOTE
r-patched-linux-x86_64 0.3-4 36.53 279.54 316.07 OK
r-release-linux-x86_64 0.3-4 27.34 279.03 306.37 OK
r-release-macos-arm64 0.3-4 106.00 OK
r-release-macos-x86_64 0.3-4 204.00 OK
r-release-windows-x86_64 0.3-4 37.00 287.00 324.00 OK
r-oldrel-macos-arm64 0.3-4 128.00 OK
r-oldrel-macos-x86_64 0.3-4 299.00 OK
r-oldrel-windows-x86_64 0.3-4 38.00 388.00 426.00 OK

Check Details

Version: 0.3-4
Check: Rd cross-references
Result: NOTE Found the following Rd file(s) with Rd \link{} targets missing package anchors: MantelCor.Rd: mantel MantelModTest.Rd: mantel Please provide package anchors for all Rd \link{} targets not in the package itself and the base packages. Flavors: r-devel-linux-x86_64-debian-clang, r-devel-linux-x86_64-debian-gcc, r-devel-windows-x86_64