Last updated on 2025-01-19 05:49:08 CET.
Flavor | Version | Tinstall | Tcheck | Ttotal | Status | Flags |
---|---|---|---|---|---|---|
r-devel-linux-x86_64-debian-clang | 1.0.10 | 18.67 | 116.07 | 134.74 | OK | |
r-devel-linux-x86_64-debian-gcc | 1.0.10 | 13.03 | 79.35 | 92.38 | OK | |
r-devel-linux-x86_64-fedora-clang | 1.0.10 | 223.48 | OK | |||
r-devel-linux-x86_64-fedora-gcc | 1.0.10 | 225.49 | OK | |||
r-devel-windows-x86_64 | 1.0.10 | 18.00 | 165.00 | 183.00 | OK | |
r-patched-linux-x86_64 | 1.0.10 | 17.86 | 112.54 | 130.40 | OK | |
r-release-linux-x86_64 | 1.0.10 | 16.86 | 0.02 | 16.88 | FAIL | |
r-release-macos-arm64 | 1.0.10 | 77.00 | OK | |||
r-release-macos-x86_64 | 1.0.10 | 195.00 | OK | |||
r-release-windows-x86_64 | 1.0.10 | 19.00 | 170.00 | 189.00 | OK | |
r-oldrel-macos-arm64 | 1.0.10 | 90.00 | OK | |||
r-oldrel-macos-x86_64 | 1.0.10 | 142.00 | OK | |||
r-oldrel-windows-x86_64 | 1.0.10 | 24.00 | 190.00 | 214.00 | OK |
Version: 1.0.10
Check: re-building of vignette outputs
Result: FAIL
Flavor: r-release-linux-x86_64