CRAN Package Check Results for Package excelR

Last updated on 2025-01-19 05:49:08 CET.

Flavor Version Tinstall Tcheck Ttotal Status Flags
r-devel-linux-x86_64-debian-clang 0.4.0 3.04 27.97 31.01 OK
r-devel-linux-x86_64-debian-gcc 0.4.0 2.05 21.57 23.62 OK
r-devel-linux-x86_64-fedora-clang 0.4.0 50.17 OK
r-devel-linux-x86_64-fedora-gcc 0.4.0 47.56 OK
r-devel-windows-x86_64 0.4.0 4.00 51.00 55.00 OK
r-patched-linux-x86_64 0.4.0 2.90 26.85 29.75 NOTE
r-release-linux-x86_64 0.4.0 2.39 26.91 29.30 NOTE
r-release-macos-arm64 0.4.0 24.00 NOTE
r-release-macos-x86_64 0.4.0 32.00 NOTE
r-release-windows-x86_64 0.4.0 5.00 50.00 55.00 NOTE
r-oldrel-macos-arm64 0.4.0 27.00 NOTE
r-oldrel-macos-x86_64 0.4.0 29.00 NOTE
r-oldrel-windows-x86_64 0.4.0 5.00 57.00 62.00 NOTE

Check Details

Version: 0.4.0
Check: LazyData
Result: NOTE 'LazyData' is specified without a 'data' directory Flavors: r-patched-linux-x86_64, r-release-linux-x86_64, r-release-macos-arm64, r-release-macos-x86_64, r-release-windows-x86_64, r-oldrel-macos-arm64, r-oldrel-macos-x86_64, r-oldrel-windows-x86_64