Last updated on 2025-01-19 05:49:08 CET.
Flavor | Version | Tinstall | Tcheck | Ttotal | Status | Flags |
---|---|---|---|---|---|---|
r-devel-linux-x86_64-debian-clang | 2.5.8 | 25.32 | 116.90 | 142.22 | OK | |
r-devel-linux-x86_64-debian-gcc | 2.5.8 | 17.39 | 83.29 | 100.68 | OK | |
r-devel-linux-x86_64-fedora-clang | 2.5.8 | 234.78 | OK | |||
r-devel-linux-x86_64-fedora-gcc | 2.5.8 | 219.40 | OK | |||
r-devel-windows-x86_64 | 2.5.8 | 32.00 | 126.00 | 158.00 | OK | |
r-patched-linux-x86_64 | 2.5.8 | 24.25 | 108.33 | 132.58 | NOTE | |
r-release-linux-x86_64 | 2.5.8 | 23.48 | 110.35 | 133.83 | NOTE | |
r-release-macos-arm64 | 2.5.8 | 60.00 | NOTE | |||
r-release-macos-x86_64 | 2.5.8 | 158.00 | NOTE | |||
r-release-windows-x86_64 | 2.5.8 | 33.00 | 126.00 | 159.00 | OK | |
r-oldrel-macos-arm64 | 2.5.8 | 77.00 | NOTE | |||
r-oldrel-macos-x86_64 | 2.5.8 | 137.00 | NOTE | |||
r-oldrel-windows-x86_64 | 2.5.8 | 33.00 | 170.00 | 203.00 | NOTE |
Version: 2.5.8
Check: package dependencies
Result: NOTE
Package suggested but not available for checking: ‘INLA’
Flavors: r-patched-linux-x86_64, r-release-linux-x86_64, r-release-macos-arm64, r-release-macos-x86_64, r-oldrel-macos-arm64, r-oldrel-macos-x86_64, r-oldrel-windows-x86_64