Last updated on 2025-01-19 05:49:08 CET.
Flavor | Version | Tinstall | Tcheck | Ttotal | Status | Flags |
---|---|---|---|---|---|---|
r-devel-linux-x86_64-debian-clang | 0.3.2 | 2.47 | 51.91 | 54.38 | OK | |
r-devel-linux-x86_64-debian-gcc | 0.3.2 | 2.05 | 38.25 | 40.30 | OK | |
r-devel-linux-x86_64-fedora-clang | 0.3.2 | 92.16 | OK | |||
r-devel-linux-x86_64-fedora-gcc | 0.3.2 | 90.54 | OK | |||
r-devel-windows-x86_64 | 0.3.2 | 9.00 | 82.00 | 91.00 | OK | |
r-patched-linux-x86_64 | 0.3.2 | 2.51 | 51.17 | 53.68 | NOTE | |
r-release-linux-x86_64 | 0.3.2 | 2.22 | 51.25 | 53.47 | NOTE | |
r-release-macos-arm64 | 0.3.2 | 34.00 | NOTE | |||
r-release-macos-x86_64 | 0.3.2 | 51.00 | NOTE | |||
r-release-windows-x86_64 | 0.3.2 | 10.00 | 79.00 | 89.00 | NOTE | |
r-oldrel-macos-arm64 | 0.3.2 | 34.00 | NOTE | |||
r-oldrel-macos-x86_64 | 0.3.2 | 50.00 | NOTE | |||
r-oldrel-windows-x86_64 | 0.3.2 | 9.00 | 98.00 | 107.00 | NOTE |
Version: 0.3.2
Check: LazyData
Result: NOTE
'LazyData' is specified without a 'data' directory
Flavors: r-patched-linux-x86_64, r-release-linux-x86_64, r-release-macos-arm64, r-release-macos-x86_64, r-release-windows-x86_64, r-oldrel-macos-arm64, r-oldrel-macos-x86_64, r-oldrel-windows-x86_64
Version: 0.3.2
Check: installed package size
Result: NOTE
installed size is 14.1Mb
sub-directories of 1Mb or more:
exiftool 14.0Mb
Flavors: r-release-macos-arm64, r-release-macos-x86_64, r-release-windows-x86_64, r-oldrel-macos-arm64, r-oldrel-macos-x86_64, r-oldrel-windows-x86_64