CRAN Package Check Results for Package expDB

Last updated on 2025-01-19 05:49:08 CET.

Flavor Version Tinstall Tcheck Ttotal Status Flags
r-devel-linux-x86_64-debian-clang 0.1.0 5.49 36.89 42.38 OK
r-devel-linux-x86_64-debian-gcc 0.1.0 3.56 27.71 31.27 OK
r-devel-linux-x86_64-fedora-clang 0.1.0 70.31 NOTE
r-devel-linux-x86_64-fedora-gcc 0.1.0 66.70 NOTE
r-devel-windows-x86_64 0.1.0 7.00 60.00 67.00 OK
r-patched-linux-x86_64 0.1.0 4.38 34.56 38.94 OK
r-release-linux-x86_64 0.1.0 4.25 34.94 39.19 OK
r-release-macos-arm64 0.1.0 23.00 OK
r-release-macos-x86_64 0.1.0 34.00 OK
r-release-windows-x86_64 0.1.0 7.00 61.00 68.00 OK
r-oldrel-macos-arm64 0.1.0 25.00 OK
r-oldrel-macos-x86_64 0.1.0 38.00 OK
r-oldrel-windows-x86_64 0.1.0 10.00 71.00 81.00 OK

Check Details

Version: 0.1.0
Check: dependencies in R code
Result: NOTE Namespace in Imports field not imported from: ‘tidyverse’ All declared Imports should be used. Flavors: r-devel-linux-x86_64-fedora-clang, r-devel-linux-x86_64-fedora-gcc