CRAN Package Check Results for Package export

Last updated on 2025-01-19 05:49:08 CET.

Flavor Version Tinstall Tcheck Ttotal Status Flags
r-devel-linux-x86_64-debian-clang 0.3.0 8.17 69.50 77.67 NOTE
r-devel-linux-x86_64-debian-gcc 0.3.0 5.68 50.14 55.82 NOTE
r-devel-linux-x86_64-fedora-clang 0.3.0 125.72 OK
r-devel-linux-x86_64-fedora-gcc 0.3.0 113.81 OK
r-devel-windows-x86_64 0.3.0 9.00 82.00 91.00 NOTE
r-patched-linux-x86_64 0.3.0 14.79 66.03 80.82 OK
r-release-linux-x86_64 0.3.0 6.51 65.61 72.12 OK
r-release-macos-arm64 0.3.0 38.00 OK
r-release-macos-x86_64 0.3.0 60.00 OK
r-release-windows-x86_64 0.3.0 10.00 84.00 94.00 OK
r-oldrel-macos-arm64 0.3.0 39.00 OK
r-oldrel-macos-x86_64 0.3.0 56.00 OK
r-oldrel-windows-x86_64 0.3.0 12.00 97.00 109.00 OK

Check Details

Version: 0.3.0
Check: Rd cross-references
Result: NOTE Found the following Rd file(s) with Rd \link{} targets missing package anchors: graph2office.Rd: emf table2office.Rd: tidy table2spreadsheet.Rd: tidy table2tex.Rd: tidy Please provide package anchors for all Rd \link{} targets not in the package itself and the base packages. Flavors: r-devel-linux-x86_64-debian-clang, r-devel-linux-x86_64-debian-gcc, r-devel-windows-x86_64