Last updated on 2025-01-19 05:49:08 CET.
Flavor | Version | Tinstall | Tcheck | Ttotal | Status | Flags |
---|---|---|---|---|---|---|
r-devel-linux-x86_64-debian-clang | 1.10.0 | 230.23 | 75.48 | 305.71 | OK | |
r-devel-linux-x86_64-debian-gcc | 1.10.0 | 186.57 | 51.53 | 238.10 | OK | |
r-devel-linux-x86_64-fedora-clang | 1.10.0 | 650.02 | OK | |||
r-devel-linux-x86_64-fedora-gcc | 1.10.0 | 723.72 | OK | |||
r-devel-windows-x86_64 | 1.10.0 | 276.00 | 128.00 | 404.00 | OK | |
r-patched-linux-x86_64 | 1.10.0 | 250.88 | 72.46 | 323.34 | OK | |
r-release-linux-x86_64 | 1.10.0 | 249.90 | 73.29 | 323.19 | OK | |
r-release-macos-arm64 | 1.10.0 | 144.00 | NOTE | |||
r-release-macos-x86_64 | 1.10.0 | 133.00 | NOTE | |||
r-release-windows-x86_64 | 1.10.0 | 257.00 | 136.00 | 393.00 | OK | |
r-oldrel-macos-arm64 | 1.10.0 | 171.00 | NOTE | |||
r-oldrel-macos-x86_64 | 1.10.0 | 193.00 | NOTE | |||
r-oldrel-windows-x86_64 | 1.10.0 | 287.00 | 159.00 | 446.00 | OK |
Version: 1.10.0
Check: installed package size
Result: NOTE
installed size is 12.1Mb
sub-directories of 1Mb or more:
libs 11.4Mb
Flavors: r-release-macos-arm64, r-release-macos-x86_64, r-oldrel-macos-arm64, r-oldrel-macos-x86_64