Last updated on 2025-01-19 05:49:08 CET.
Flavor | Version | Tinstall | Tcheck | Ttotal | Status | Flags |
---|---|---|---|---|---|---|
r-devel-linux-x86_64-debian-clang | 1.0.2 | 4.61 | 52.75 | 57.36 | NOTE | |
r-devel-linux-x86_64-debian-gcc | 1.0.2 | 3.46 | 39.12 | 42.58 | NOTE | |
r-devel-linux-x86_64-fedora-clang | 1.0.2 | 94.41 | OK | |||
r-devel-linux-x86_64-fedora-gcc | 1.0.2 | 103.97 | OK | |||
r-devel-windows-x86_64 | 1.0.2 | 7.00 | 103.00 | 110.00 | NOTE | |
r-patched-linux-x86_64 | 1.0.2 | 5.67 | 50.74 | 56.41 | OK | |
r-release-linux-x86_64 | 1.0.2 | 3.65 | 50.34 | 53.99 | OK | |
r-release-macos-arm64 | 1.0.2 | 35.00 | OK | |||
r-release-macos-x86_64 | 1.0.2 | 54.00 | OK | |||
r-release-windows-x86_64 | 1.0.2 | 5.00 | 162.00 | 167.00 | OK | |
r-oldrel-macos-arm64 | 1.0.2 | 37.00 | OK | |||
r-oldrel-macos-x86_64 | 1.0.2 | 75.00 | OK | |||
r-oldrel-windows-x86_64 | 1.0.2 | 5.00 | 103.00 | 108.00 | OK |
Version: 1.0.2
Check: Rd cross-references
Result: NOTE
Found the following Rd file(s) with Rd \link{} targets missing package
anchors:
cox.adapt.Rd: coxph
Please provide package anchors for all Rd \link{} targets not in the
package itself and the base packages.
Flavors: r-devel-linux-x86_64-debian-clang, r-devel-linux-x86_64-debian-gcc, r-devel-windows-x86_64