Last updated on 2024-04-17 13:57:27 CEST.
Flavor | Version | Tinstall | Tcheck | Ttotal | Status | Flags |
---|---|---|---|---|---|---|
r-devel-linux-x86_64-debian-clang | 0.2.1 | 8.99 | 506.09 | 515.08 | OK | |
r-devel-linux-x86_64-debian-gcc | 0.2.1 | 8.24 | 361.79 | 370.03 | OK | |
r-devel-linux-x86_64-fedora-clang | 0.2.1 | 606.08 | NOTE | |||
r-devel-linux-x86_64-fedora-gcc | 0.2.1 | 603.00 | NOTE | |||
r-prerel-macos-arm64 | 0.2.1 | 165.00 | OK | |||
r-prerel-windows-x86_64 | 0.2.1 | 11.00 | 315.00 | 326.00 | NOTE | |
r-patched-linux-x86_64 | 0.2.1 | 6.86 | 476.39 | 483.25 | OK | |
r-release-linux-x86_64 | 0.2.1 | 6.75 | 482.74 | 489.49 | OK | |
r-release-macos-arm64 | 0.2.1 | 171.00 | OK | |||
r-release-macos-x86_64 | 0.2.1 | 493.00 | OK | |||
r-release-windows-x86_64 | 0.2.1 | 14.00 | 442.00 | 456.00 | NOTE | |
r-oldrel-macos-arm64 | 0.2.1 | 176.00 | OK | |||
r-oldrel-windows-x86_64 | 0.2.1 | 13.00 | 447.00 | 460.00 | NOTE |
Version: 0.2.1
Check: dependencies in R code
Result: NOTE
Namespace in Imports field not imported from: ‘rlang’
All declared Imports should be used.
Flavors: r-devel-linux-x86_64-fedora-clang, r-devel-linux-x86_64-fedora-gcc
Version: 0.2.1
Check: package dependencies
Result: NOTE
Package suggested but not available for checking: 'doMC'
Flavors: r-prerel-windows-x86_64, r-release-windows-x86_64, r-oldrel-windows-x86_64