Last updated on 2024-04-20 20:00:04 CEST.
Flavor | Version | Tinstall | Tcheck | Ttotal | Status | Flags |
---|---|---|---|---|---|---|
r-devel-linux-x86_64-debian-clang | 4.4-0 | 19.26 | 151.97 | 171.23 | NOTE | |
r-devel-linux-x86_64-debian-gcc | 4.4-0 | 14.23 | 108.08 | 122.31 | NOTE | |
r-devel-linux-x86_64-fedora-clang | 4.4-0 | 207.68 | NOTE | |||
r-devel-linux-x86_64-fedora-gcc | 4.4-0 | 193.21 | NOTE | |||
r-prerel-macos-arm64 | 4.4-0 | 57.00 | NOTE | |||
r-prerel-windows-x86_64 | 4.4-0 | 14.00 | 117.00 | 131.00 | NOTE | |
r-patched-linux-x86_64 | 4.4-0 | 15.32 | 140.67 | 155.99 | NOTE | |
r-release-linux-x86_64 | 4.4-0 | 13.10 | 143.52 | 156.62 | OK | |
r-release-macos-arm64 | 4.4-0 | 62.00 | OK | |||
r-release-macos-x86_64 | 4.4-0 | 97.00 | OK | |||
r-release-windows-x86_64 | 4.4-0 | 19.00 | 152.00 | 171.00 | OK | |
r-oldrel-macos-arm64 | 4.4-0 | 54.00 | OK | |||
r-oldrel-windows-x86_64 | 4.4-0 | 18.00 | 157.00 | 175.00 | OK |
Version: 4.4-0
Check: Rd files
Result: NOTE
checkRd: (-1) ez-package.Rd:19: Lost braces in \itemize; meant \describe ?
checkRd: (-1) ez-package.Rd:20: Lost braces in \itemize; meant \describe ?
checkRd: (-1) ez-package.Rd:21: Lost braces in \itemize; meant \describe ?
checkRd: (-1) ez-package.Rd:22: Lost braces in \itemize; meant \describe ?
checkRd: (-1) ez-package.Rd:23: Lost braces in \itemize; meant \describe ?
checkRd: (-1) ez-package.Rd:24: Lost braces in \itemize; meant \describe ?
checkRd: (-1) ez-package.Rd:25: Lost braces in \itemize; meant \describe ?
checkRd: (-1) ez-package.Rd:26: Lost braces in \itemize; meant \describe ?
checkRd: (-1) ez-package.Rd:27: Lost braces in \itemize; meant \describe ?
checkRd: (-1) ez-package.Rd:28: Lost braces in \itemize; meant \describe ?
checkRd: (-1) ez-package.Rd:29: Lost braces in \itemize; meant \describe ?
checkRd: (-1) ez-package.Rd:30: Lost braces in \itemize; meant \describe ?
checkRd: (-1) ez-package.Rd:32: Lost braces in \itemize; meant \describe ?
checkRd: (-1) ez-package.Rd:33: Lost braces in \itemize; meant \describe ?
Flavors: r-devel-linux-x86_64-debian-clang, r-devel-linux-x86_64-debian-gcc, r-devel-linux-x86_64-fedora-clang, r-devel-linux-x86_64-fedora-gcc, r-prerel-macos-arm64, r-prerel-windows-x86_64, r-patched-linux-x86_64