CRAN Package Check Results for Package ezmmek

Last updated on 2025-01-19 05:49:08 CET.

Flavor Version Tinstall Tcheck Ttotal Status Flags
r-devel-linux-x86_64-debian-clang 0.2.4 1.96 39.47 41.43 OK
r-devel-linux-x86_64-debian-gcc 0.2.4 1.71 30.00 31.71 OK
r-devel-linux-x86_64-fedora-clang 0.2.4 69.74 OK
r-devel-linux-x86_64-fedora-gcc 0.2.4 79.61 OK
r-devel-windows-x86_64 0.2.4 5.00 59.00 64.00 OK
r-patched-linux-x86_64 0.2.4 2.34 37.59 39.93 NOTE
r-release-linux-x86_64 0.2.4 2.21 38.37 40.58 NOTE
r-release-macos-arm64 0.2.4 27.00 NOTE
r-release-macos-x86_64 0.2.4 46.00 NOTE
r-release-windows-x86_64 0.2.4 5.00 58.00 63.00 NOTE
r-oldrel-macos-arm64 0.2.4 29.00 NOTE
r-oldrel-macos-x86_64 0.2.4 41.00 NOTE
r-oldrel-windows-x86_64 0.2.4 4.00 62.00 66.00 NOTE

Check Details

Version: 0.2.4
Check: LazyData
Result: NOTE 'LazyData' is specified without a 'data' directory Flavors: r-patched-linux-x86_64, r-release-linux-x86_64, r-release-macos-arm64, r-release-macos-x86_64, r-release-windows-x86_64, r-oldrel-macos-arm64, r-oldrel-macos-x86_64, r-oldrel-windows-x86_64