Last updated on 2025-02-08 20:48:22 CET.
Flavor | Version | Tinstall | Tcheck | Ttotal | Status | Flags |
---|---|---|---|---|---|---|
r-devel-linux-x86_64-debian-clang | 3042.78 | 4.80 | 40.71 | 45.51 | OK | |
r-devel-linux-x86_64-debian-gcc | 3042.78 | 3.20 | 29.59 | 32.79 | OK | |
r-devel-linux-x86_64-fedora-clang | 3042.78 | 76.17 | OK | |||
r-devel-linux-x86_64-fedora-gcc | 3042.78 | 67.75 | OK | |||
r-devel-windows-x86_64 | 3042.78 | 5.00 | 55.00 | 60.00 | OK | |
r-patched-linux-x86_64 | 3042.78 | 4.12 | 38.52 | 42.64 | NOTE | |
r-release-linux-x86_64 | 3042.78 | 4.30 | 38.27 | 42.57 | NOTE | |
r-release-macos-arm64 | 3042.78 | 24.00 | NOTE | |||
r-release-macos-x86_64 | 3042.78 | 41.00 | NOTE | |||
r-release-windows-x86_64 | 3042.78 | 5.00 | 55.00 | 60.00 | NOTE | |
r-oldrel-macos-arm64 | 3042.78 | 25.00 | NOTE | |||
r-oldrel-macos-x86_64 | 3042.78 | 37.00 | NOTE | |||
r-oldrel-windows-x86_64 | 3042.78 | 6.00 | 63.00 | 69.00 | NOTE |
Version: 3042.78
Check: LazyData
Result: NOTE
'LazyData' is specified without a 'data' directory
Flavors: r-patched-linux-x86_64, r-release-linux-x86_64, r-release-macos-arm64, r-release-macos-x86_64, r-release-windows-x86_64, r-oldrel-macos-arm64, r-oldrel-macos-x86_64, r-oldrel-windows-x86_64