Last updated on 2024-04-17 13:57:27 CEST.
Flavor | Version | Tinstall | Tcheck | Ttotal | Status | Flags |
---|---|---|---|---|---|---|
r-devel-linux-x86_64-debian-clang | 2.2.7 | 48.04 | 130.38 | 178.42 | NOTE | |
r-devel-linux-x86_64-debian-gcc | 2.2.7 | 37.85 | 94.89 | 132.74 | NOTE | |
r-devel-linux-x86_64-fedora-clang | 2.2.7 | 234.45 | NOTE | |||
r-devel-linux-x86_64-fedora-gcc | 2.2.7 | 234.85 | NOTE | |||
r-prerel-macos-arm64 | 2.2.7 | 59.00 | NOTE | |||
r-prerel-windows-x86_64 | 2.2.7 | 43.00 | 137.00 | 180.00 | NOTE | |
r-patched-linux-x86_64 | 2.2.7 | 49.89 | 126.91 | 176.80 | NOTE | |
r-release-linux-x86_64 | 2.2.7 | 43.40 | 125.28 | 168.68 | OK | |
r-release-macos-arm64 | 2.2.7 | 58.00 | OK | |||
r-release-macos-x86_64 | 2.2.7 | 102.00 | OK | |||
r-release-windows-x86_64 | 2.2.7 | 54.00 | 168.00 | 222.00 | OK | |
r-oldrel-macos-arm64 | 2.2.7 | 53.00 | OK | |||
r-oldrel-windows-x86_64 | 2.2.7 | 50.00 | 160.00 | 210.00 | OK |
Version: 2.2.7
Check: Rd files
Result: NOTE
checkRd: (-1) plot.dma.Rd:46: Lost braces; missing escapes or markup?
46 | If {x} comes from estimation of Dynamic Model Selection (DMS) or Median Probability Model (MED), after executing \code{plot} the User is asked to choose
| ^
Flavors: r-devel-linux-x86_64-debian-clang, r-devel-linux-x86_64-debian-gcc, r-devel-linux-x86_64-fedora-clang, r-devel-linux-x86_64-fedora-gcc, r-prerel-macos-arm64, r-prerel-windows-x86_64, r-patched-linux-x86_64