Last updated on 2025-01-19 05:49:08 CET.
Flavor | Version | Tinstall | Tcheck | Ttotal | Status | Flags |
---|---|---|---|---|---|---|
r-devel-linux-x86_64-debian-clang | 1.4.1 | 31.51 | 130.98 | 162.49 | OK | |
r-devel-linux-x86_64-debian-gcc | 1.4.1 | 23.20 | 91.60 | 114.80 | OK | |
r-devel-linux-x86_64-fedora-clang | 1.4.1 | 270.66 | OK | |||
r-devel-linux-x86_64-fedora-gcc | 1.4.1 | 296.69 | OK | |||
r-devel-windows-x86_64 | 1.4.1 | 37.00 | 239.00 | 276.00 | OK | |
r-patched-linux-x86_64 | 1.4.1 | 30.30 | 123.31 | 153.61 | OK | |
r-release-linux-x86_64 | 1.4.1 | 29.79 | 122.28 | 152.07 | OK | |
r-release-macos-arm64 | 1.4.1 | 77.00 | NOTE | |||
r-release-macos-x86_64 | 1.4.1 | 153.00 | NOTE | |||
r-release-windows-x86_64 | 1.4.1 | 38.00 | 231.00 | 269.00 | NOTE | |
r-oldrel-macos-arm64 | 1.4.1 | 111.00 | NOTE | |||
r-oldrel-macos-x86_64 | 1.4.1 | 192.00 | NOTE | |||
r-oldrel-windows-x86_64 | 1.4.1 | 44.00 | 270.00 | 314.00 | NOTE |
Version: 1.4.1
Check: installed package size
Result: NOTE
installed size is 5.7Mb
sub-directories of 1Mb or more:
data 2.1Mb
libs 1.2Mb
Flavors: r-release-macos-arm64, r-release-macos-x86_64, r-release-windows-x86_64, r-oldrel-macos-arm64, r-oldrel-macos-x86_64, r-oldrel-windows-x86_64