CRAN Package Check Results for Package fOptions

Last updated on 2020-09-17 12:53:18 CEST.

Flavor Version Tinstall Tcheck Ttotal Status Flags
r-devel-linux-x86_64-debian-clang 3042.86 10.88 60.49 71.37 OK
r-devel-linux-x86_64-debian-gcc 3042.86 7.90 46.87 54.77 OK
r-devel-linux-x86_64-fedora-clang 3042.86 96.31 NOTE
r-devel-linux-x86_64-fedora-gcc 3042.86 92.91 NOTE
r-devel-windows-ix86+x86_64 3042.86 22.00 113.00 135.00 OK
r-patched-linux-x86_64 3042.86 9.63 59.56 69.19 OK
r-patched-solaris-x86 3042.86 119.50 OK
r-release-linux-x86_64 3042.86 10.97 59.71 70.68 OK
r-release-macos-x86_64 3042.86 OK
r-release-windows-ix86+x86_64 3042.86 23.00 112.00 135.00 OK
r-oldrel-macos-x86_64 3042.86 OK
r-oldrel-windows-ix86+x86_64 3042.86 15.00 102.00 117.00 OK

Check Details

Version: 3042.86
Check: compiled code
Result: NOTE
    File ‘fOptions/libs/fOptions.so’:
     Found no calls to: ‘R_registerRoutines’, ‘R_useDynamicSymbols’
    
    It is good practice to register native routines and to disable symbol
    search.
    
    See ‘Writing portable packages’ in the ‘Writing R Extensions’ manual.
Flavors: r-devel-linux-x86_64-fedora-clang, r-devel-linux-x86_64-fedora-gcc