CRAN Package Check Results for Package fOptions

Last updated on 2020-01-26 12:46:29 CET.

Flavor Version Tinstall Tcheck Ttotal Status Flags
r-devel-linux-x86_64-debian-clang 3042.86 10.01 59.27 69.28 OK
r-devel-linux-x86_64-debian-gcc 3042.86 7.47 45.79 53.26 OK
r-devel-linux-x86_64-fedora-clang 3042.86 83.68 NOTE
r-devel-linux-x86_64-fedora-gcc 3042.86 82.04 NOTE
r-devel-windows-ix86+x86_64 3042.86 28.00 124.00 152.00 OK
r-devel-windows-ix86+x86_64-gcc8 3042.86 28.00 126.00 154.00 OK
r-patched-linux-x86_64 3042.86 8.52 53.88 62.40 OK
r-patched-solaris-x86 3042.86 112.60 OK
r-release-linux-x86_64 3042.86 6.98 52.86 59.84 OK
r-release-windows-ix86+x86_64 3042.86 17.00 83.00 100.00 OK
r-release-osx-x86_64 3042.86 OK
r-oldrel-windows-ix86+x86_64 3042.86 11.00 115.00 126.00 OK
r-oldrel-osx-x86_64 3042.86 OK

Check Details

Version: 3042.86
Check: compiled code
Result: NOTE
    File ‘fOptions/libs/fOptions.so’:
     Found no calls to: ‘R_registerRoutines’, ‘R_useDynamicSymbols’
    
    It is good practice to register native routines and to disable symbol
    search.
    
    See ‘Writing portable packages’ in the ‘Writing R Extensions’ manual.
Flavors: r-devel-linux-x86_64-fedora-clang, r-devel-linux-x86_64-fedora-gcc