Last updated on 2025-01-19 05:49:08 CET.
Flavor | Version | Tinstall | Tcheck | Ttotal | Status | Flags |
---|---|---|---|---|---|---|
r-devel-linux-x86_64-debian-clang | 4023.84 | 22.99 | 145.24 | 168.23 | OK | |
r-devel-linux-x86_64-debian-gcc | 4023.84 | 15.91 | 97.53 | 113.44 | OK | |
r-devel-linux-x86_64-fedora-clang | 4023.84 | 275.78 | OK | |||
r-devel-linux-x86_64-fedora-gcc | 4023.84 | 258.28 | OK | |||
r-devel-windows-x86_64 | 4023.84 | 24.00 | 140.00 | 164.00 | OK | |
r-patched-linux-x86_64 | 4023.84 | 21.56 | 135.67 | 157.23 | NOTE | |
r-release-linux-x86_64 | 4023.84 | 21.30 | 133.91 | 155.21 | NOTE | |
r-release-macos-arm64 | 4023.84 | 63.00 | NOTE | |||
r-release-macos-x86_64 | 4023.84 | 106.00 | NOTE | |||
r-release-windows-x86_64 | 4023.84 | 23.00 | 141.00 | 164.00 | OK | |
r-oldrel-macos-arm64 | 4023.84 | 65.00 | OK | |||
r-oldrel-macos-x86_64 | 4023.84 | 149.00 | OK | |||
r-oldrel-windows-x86_64 | 4023.84 | 29.00 | 174.00 | 203.00 | OK |
Version: 4023.84
Check: package dependencies
Result: NOTE
Package suggested but not available for checking: ‘bcp’
Flavors: r-patched-linux-x86_64, r-release-linux-x86_64, r-release-macos-arm64, r-release-macos-x86_64