CRAN Package Check Results for Package fableCount

Last updated on 2025-01-19 05:49:08 CET.

Flavor Version Tinstall Tcheck Ttotal Status Flags
r-devel-linux-x86_64-debian-clang 0.1.0 7.70 70.48 78.18 OK
r-devel-linux-x86_64-debian-gcc 0.1.0 6.01 47.33 53.34 OK
r-devel-linux-x86_64-fedora-clang 0.1.0 128.72 NOTE
r-devel-linux-x86_64-fedora-gcc 0.1.0 119.26 NOTE
r-devel-windows-x86_64 0.1.0 12.00 83.00 95.00 OK
r-patched-linux-x86_64 0.1.0 7.91 64.66 72.57 OK
r-release-linux-x86_64 0.1.0 7.70 64.91 72.61 OK
r-release-macos-arm64 0.1.0 35.00 OK
r-release-macos-x86_64 0.1.0 53.00 OK
r-release-windows-x86_64 0.1.0 10.00 81.00 91.00 OK
r-oldrel-macos-arm64 0.1.0 38.00 OK
r-oldrel-macos-x86_64 0.1.0 106.00 OK
r-oldrel-windows-x86_64 0.1.0 12.00 94.00 106.00 OK

Check Details

Version: 0.1.0
Check: dependencies in R code
Result: NOTE Namespace in Imports field not imported from: ‘tsibbledata’ All declared Imports should be used. Flavors: r-devel-linux-x86_64-fedora-clang, r-devel-linux-x86_64-fedora-gcc