Last updated on 2025-02-08 20:48:22 CET.
Flavor | Version | Tinstall | Tcheck | Ttotal | Status | Flags |
---|---|---|---|---|---|---|
r-devel-linux-x86_64-debian-clang | 0.1-7 | 6.49 | 56.18 | 62.67 | NOTE | |
r-devel-linux-x86_64-debian-gcc | 0.1-7 | 5.19 | 40.98 | 46.17 | NOTE | |
r-devel-linux-x86_64-fedora-clang | 0.1-7 | 104.24 | OK | |||
r-devel-linux-x86_64-fedora-gcc | 0.1-7 | 94.78 | OK | |||
r-devel-windows-x86_64 | 0.1-7 | 7.00 | 74.00 | 81.00 | NOTE | |
r-patched-linux-x86_64 | 0.1-7 | 6.75 | 52.76 | 59.51 | OK | |
r-release-linux-x86_64 | 0.1-7 | 6.14 | 53.07 | 59.21 | OK | |
r-release-macos-arm64 | 0.1-7 | 31.00 | OK | |||
r-release-macos-x86_64 | 0.1-7 | 46.00 | OK | |||
r-release-windows-x86_64 | 0.1-7 | 8.00 | 74.00 | 82.00 | OK | |
r-oldrel-macos-arm64 | 0.1-7 | 34.00 | OK | |||
r-oldrel-macos-x86_64 | 0.1-7 | 54.00 | OK | |||
r-oldrel-windows-x86_64 | 0.1-7 | 10.00 | 83.00 | 93.00 | OK |
Version: 0.1-7
Check: Rd cross-references
Result: NOTE
Found the following Rd file(s) with Rd \link{} targets missing package
anchors:
pspline.Rd: gam, mgcv
Please provide package anchors for all Rd \link{} targets not in the
package itself and the base packages.
Flavors: r-devel-linux-x86_64-debian-clang, r-devel-linux-x86_64-debian-gcc, r-devel-windows-x86_64