Last updated on 2025-01-19 05:49:08 CET.
Flavor | Version | Tinstall | Tcheck | Ttotal | Status | Flags |
---|---|---|---|---|---|---|
r-devel-linux-x86_64-debian-clang | 0.2.0 | 6.61 | 63.53 | 70.14 | NOTE | |
r-devel-linux-x86_64-debian-gcc | 0.2.0 | 4.05 | 47.15 | 51.20 | NOTE | |
r-devel-linux-x86_64-fedora-clang | 0.2.0 | 113.09 | NOTE | |||
r-devel-linux-x86_64-fedora-gcc | 0.2.0 | 123.90 | NOTE | |||
r-devel-windows-x86_64 | 0.2.0 | 8.00 | 87.00 | 95.00 | NOTE | |
r-patched-linux-x86_64 | 0.2.0 | 6.90 | 59.73 | 66.63 | NOTE | |
r-release-linux-x86_64 | 0.2.0 | 7.06 | 59.65 | 66.71 | NOTE | |
r-release-macos-arm64 | 0.2.0 | 40.00 | NOTE | |||
r-release-macos-x86_64 | 0.2.0 | 58.00 | NOTE | |||
r-release-windows-x86_64 | 0.2.0 | 10.00 | 89.00 | 99.00 | NOTE | |
r-oldrel-macos-arm64 | 0.2.0 | 43.00 | NOTE | |||
r-oldrel-macos-x86_64 | 0.2.0 | 61.00 | NOTE | |||
r-oldrel-windows-x86_64 | 0.2.0 | 9.00 | 95.00 | 104.00 | NOTE |
Version: 0.2.0
Check: package subdirectories
Result: NOTE
Problems with news in ‘NEWS.md’:
Cannot extract version info from the following section titles:
minor changes
Flavors: r-devel-linux-x86_64-debian-clang, r-devel-linux-x86_64-debian-gcc, r-devel-linux-x86_64-fedora-clang, r-devel-linux-x86_64-fedora-gcc, r-devel-windows-x86_64, r-patched-linux-x86_64, r-release-linux-x86_64, r-release-macos-arm64, r-release-macos-x86_64, r-release-windows-x86_64, r-oldrel-macos-arm64, r-oldrel-macos-x86_64, r-oldrel-windows-x86_64