CRAN Package Check Results for Package factorplot

Last updated on 2025-01-19 05:49:08 CET.

Flavor Version Tinstall Tcheck Ttotal Status Flags
r-devel-linux-x86_64-debian-clang 1.2.3 7.05 55.35 62.40 NOTE
r-devel-linux-x86_64-debian-gcc 1.2.3 5.18 40.88 46.06 NOTE
r-devel-linux-x86_64-fedora-clang 1.2.3 99.31 OK
r-devel-linux-x86_64-fedora-gcc 1.2.3 94.46 OK
r-devel-windows-x86_64 1.2.3 8.00 69.00 77.00 NOTE
r-patched-linux-x86_64 1.2.3 9.04 51.87 60.91 OK
r-release-linux-x86_64 1.2.3 5.78 51.88 57.66 OK
r-release-macos-arm64 1.2.3 32.00 OK
r-release-macos-x86_64 1.2.3 46.00 OK
r-release-windows-x86_64 1.2.3 7.00 71.00 78.00 OK
r-oldrel-macos-arm64 1.2.3 34.00 OK
r-oldrel-macos-x86_64 1.2.3 81.00 OK
r-oldrel-windows-x86_64 1.2.3 9.00 77.00 86.00 OK

Check Details

Version: 1.2.3
Check: Rd cross-references
Result: NOTE Found the following Rd file(s) with Rd \link{} targets missing package anchors: factorplot.Rd: glht, summary.glht Please provide package anchors for all Rd \link{} targets not in the package itself and the base packages. Flavors: r-devel-linux-x86_64-debian-clang, r-devel-linux-x86_64-debian-gcc, r-devel-windows-x86_64