Last updated on 2025-01-19 05:49:08 CET.
Flavor | Version | Tinstall | Tcheck | Ttotal | Status | Flags |
---|---|---|---|---|---|---|
r-devel-linux-x86_64-debian-clang | 1.1.0 | 82.53 | 79.04 | 161.57 | OK | |
r-devel-linux-x86_64-debian-gcc | 1.1.0 | 57.20 | 54.58 | 111.78 | OK | |
r-devel-linux-x86_64-fedora-clang | 1.1.0 | 292.16 | OK | |||
r-devel-linux-x86_64-fedora-gcc | 1.1.0 | 311.70 | OK | |||
r-devel-windows-x86_64 | 1.1.0 | 81.00 | 134.00 | 215.00 | OK | |
r-patched-linux-x86_64 | 1.1.0 | 78.17 | 74.78 | 152.95 | OK | |
r-release-linux-x86_64 | 1.1.0 | 81.06 | 76.22 | 157.28 | OK | |
r-release-macos-arm64 | 1.1.0 | 76.00 | NOTE | |||
r-release-macos-x86_64 | 1.1.0 | 92.00 | NOTE | |||
r-release-windows-x86_64 | 1.1.0 | 81.00 | 135.00 | 216.00 | OK | |
r-oldrel-macos-arm64 | 1.1.0 | 93.00 | NOTE | |||
r-oldrel-macos-x86_64 | 1.1.0 | 268.00 | NOTE | |||
r-oldrel-windows-x86_64 | 1.1.0 | 94.00 | 144.00 | 238.00 | OK |
Version: 1.1.0
Check: installed package size
Result: NOTE
installed size is 7.6Mb
sub-directories of 1Mb or more:
doc 2.5Mb
libs 4.7Mb
Flavors: r-release-macos-arm64, r-release-macos-x86_64, r-oldrel-macos-arm64, r-oldrel-macos-x86_64