CRAN Package Check Results for Package factorstochvol

Last updated on 2020-06-03 12:49:07 CEST.

Flavor Version Tinstall Tcheck Ttotal Status Flags
r-devel-linux-x86_64-debian-clang 0.9.3 103.54 81.20 184.74 OK
r-devel-linux-x86_64-debian-gcc 0.9.3 82.26 60.83 143.09 OK
r-devel-linux-x86_64-fedora-clang 0.9.3 255.11 NOTE
r-devel-linux-x86_64-fedora-gcc 0.9.3 242.34 OK
r-devel-windows-ix86+x86_64 0.9.3 248.00 177.00 425.00 OK
r-patched-linux-x86_64 0.9.3 89.95 79.41 169.36 OK
r-patched-solaris-x86 0.9.3 218.60 OK
r-release-linux-x86_64 0.9.3 87.98 79.68 167.66 OK
r-release-osx-x86_64 0.9.3 NOTE
r-release-windows-ix86+x86_64 0.9.3 186.00 174.00 360.00 OK
r-oldrel-osx-x86_64 0.9.3 NOTE
r-oldrel-windows-ix86+x86_64 0.9.3 175.00 136.00 311.00 OK

Check Details

Version: 0.9.3
Check: installed package size
Result: NOTE
     installed size is 7.0Mb
     sub-directories of 1Mb or more:
     doc 1.6Mb
     libs 5.0Mb
Flavors: r-devel-linux-x86_64-fedora-clang, r-release-osx-x86_64, r-oldrel-osx-x86_64