Last updated on 2024-05-01 16:52:54 CEST.
Flavor | Version | Tinstall | Tcheck | Ttotal | Status | Flags |
---|---|---|---|---|---|---|
r-devel-linux-x86_64-debian-clang | 0.9-1 | 80.82 | 88.67 | 169.49 | OK | |
r-devel-linux-x86_64-debian-gcc | 0.9-1 | 64.66 | 68.85 | 133.51 | OK | |
r-devel-linux-x86_64-fedora-clang | 0.9-1 | 233.64 | OK | |||
r-devel-linux-x86_64-fedora-gcc | 0.9-1 | 242.77 | OK | |||
r-devel-windows-x86_64 | 0.9-1 | 59.00 | 106.00 | 165.00 | OK | |
r-patched-linux-x86_64 | 0.9-1 | 69.48 | 88.30 | 157.78 | OK | |
r-release-linux-x86_64 | 0.9-1 | 77.70 | 89.34 | 167.04 | OK | |
r-release-macos-arm64 | 0.9-1 | 62.00 | NOTE | |||
r-release-windows-x86_64 | 0.9-1 | 62.00 | 108.00 | 170.00 | OK | |
r-oldrel-macos-arm64 | 0.9-1 | 68.00 | NOTE | |||
r-oldrel-macos-x86_64 | 0.9-1 | 192.00 | NOTE | |||
r-oldrel-windows-x86_64 | 0.9-1 | 78.00 | 124.00 | 202.00 | OK |
Version: 0.9-1
Check: installed package size
Result: NOTE
installed size is 11.8Mb
sub-directories of 1Mb or more:
libs 11.5Mb
Flavors: r-release-macos-arm64, r-oldrel-macos-arm64, r-oldrel-macos-x86_64