Last updated on 2025-01-19 05:49:08 CET.
Flavor | Version | Tinstall | Tcheck | Ttotal | Status | Flags |
---|---|---|---|---|---|---|
r-devel-linux-x86_64-debian-clang | 1.5.0 | 66.91 | 332.04 | 398.95 | OK | |
r-devel-linux-x86_64-debian-gcc | 1.5.0 | 38.11 | 205.45 | 243.56 | OK | |
r-devel-linux-x86_64-fedora-clang | 1.5.0 | 586.20 | OK | |||
r-devel-linux-x86_64-fedora-gcc | 1.5.0 | 532.18 | OK | |||
r-devel-windows-x86_64 | 1.5.0 | 62.00 | 289.00 | 351.00 | OK | |
r-patched-linux-x86_64 | 1.5.0 | 70.80 | 302.46 | 373.26 | OK | |
r-release-linux-x86_64 | 1.5.0 | 66.29 | 301.37 | 367.66 | OK | |
r-release-macos-arm64 | 1.5.0 | 147.00 | NOTE | |||
r-release-macos-x86_64 | 1.5.0 | 292.00 | NOTE | |||
r-release-windows-x86_64 | 1.5.0 | 63.00 | 287.00 | 350.00 | NOTE | |
r-oldrel-macos-arm64 | 1.5.0 | 147.00 | NOTE | |||
r-oldrel-macos-x86_64 | 1.5.0 | 288.00 | NOTE | |||
r-oldrel-windows-x86_64 | 1.5.0 | 78.00 | 366.00 | 444.00 | NOTE |
Version: 1.5.0
Check: installed package size
Result: NOTE
installed size is 6.3Mb
sub-directories of 1Mb or more:
R 4.0Mb
help 1.2Mb
Flavors: r-release-macos-arm64, r-release-macos-x86_64, r-release-windows-x86_64, r-oldrel-macos-arm64, r-oldrel-macos-x86_64, r-oldrel-windows-x86_64