Last updated on 2025-01-19 05:49:08 CET.
Flavor | Version | Tinstall | Tcheck | Ttotal | Status | Flags |
---|---|---|---|---|---|---|
r-devel-linux-x86_64-debian-clang | 2.1.2 | 26.07 | 20.99 | 47.06 | OK | |
r-devel-linux-x86_64-debian-gcc | 2.1.2 | 25.95 | 17.51 | 43.46 | OK | |
r-devel-linux-x86_64-fedora-clang | 2.1.2 | 80.57 | OK | |||
r-devel-linux-x86_64-fedora-gcc | 2.1.2 | 112.06 | OK | |||
r-devel-windows-x86_64 | 2.1.2 | 40.00 | 62.00 | 102.00 | OK | |
r-patched-linux-x86_64 | 2.1.2 | 31.84 | 20.34 | 52.18 | OK | |
r-release-linux-x86_64 | 2.1.2 | 33.42 | 20.33 | 53.75 | OK | |
r-release-macos-arm64 | 2.1.2 | 40.00 | OK | |||
r-release-macos-x86_64 | 2.1.2 | 38.00 | NOTE | |||
r-release-windows-x86_64 | 2.1.2 | 41.00 | 62.00 | 103.00 | OK | |
r-oldrel-macos-arm64 | 2.1.2 | 41.00 | OK | |||
r-oldrel-macos-x86_64 | 2.1.2 | 97.00 | NOTE | |||
r-oldrel-windows-x86_64 | 2.1.2 | 36.00 | 64.00 | 100.00 | OK |
Version: 2.1.2
Check: installed package size
Result: NOTE
installed size is 5.4Mb
sub-directories of 1Mb or more:
help 1.6Mb
libs 3.8Mb
Flavors: r-release-macos-x86_64, r-oldrel-macos-x86_64