Last updated on 2025-01-19 05:49:08 CET.
Flavor | Version | Tinstall | Tcheck | Ttotal | Status | Flags |
---|---|---|---|---|---|---|
r-devel-linux-x86_64-debian-clang | 0.6.1 | 46.23 | 98.63 | 144.86 | OK | |
r-devel-linux-x86_64-debian-gcc | 0.6.1 | 34.65 | 71.24 | 105.89 | OK | |
r-devel-linux-x86_64-fedora-clang | 0.6.1 | 254.73 | OK | |||
r-devel-linux-x86_64-fedora-gcc | 0.6.1 | 249.91 | OK | |||
r-devel-windows-x86_64 | 0.6.1 | 51.00 | 135.00 | 186.00 | OK | |
r-patched-linux-x86_64 | 0.6.1 | 49.23 | 92.60 | 141.83 | OK | |
r-release-linux-x86_64 | 0.6.1 | 45.71 | 92.41 | 138.12 | OK | |
r-release-macos-arm64 | 0.6.1 | 59.00 | NOTE | |||
r-release-macos-x86_64 | 0.6.1 | 106.00 | NOTE | |||
r-release-windows-x86_64 | 0.6.1 | 53.00 | 135.00 | 188.00 | NOTE | |
r-oldrel-macos-arm64 | 0.6.1 | 71.00 | NOTE | |||
r-oldrel-macos-x86_64 | 0.6.1 | 207.00 | NOTE | |||
r-oldrel-windows-x86_64 | 0.6.1 | 60.00 | 160.00 | 220.00 | NOTE |
Version: 0.6.1
Check: installed package size
Result: NOTE
installed size is 8.5Mb
sub-directories of 1Mb or more:
data 5.6Mb
libs 2.6Mb
Flavors: r-release-macos-arm64, r-release-macos-x86_64, r-release-windows-x86_64, r-oldrel-macos-arm64, r-oldrel-macos-x86_64, r-oldrel-windows-x86_64