CRAN Package Check Results for Package fastRG

Last updated on 2025-01-19 05:49:08 CET.

Flavor Version Tinstall Tcheck Ttotal Status Flags
r-devel-linux-x86_64-debian-clang 0.3.2 10.04 120.41 130.45 NOTE
r-devel-linux-x86_64-debian-gcc 0.3.2 6.62 84.82 91.44 NOTE
r-devel-linux-x86_64-fedora-clang 0.3.2 219.00 OK
r-devel-linux-x86_64-fedora-gcc 0.3.2 201.20 OK
r-devel-windows-x86_64 0.3.2 13.00 132.00 145.00 NOTE
r-patched-linux-x86_64 0.3.2 11.61 112.50 124.11 OK
r-release-linux-x86_64 0.3.2 9.23 111.77 121.00 OK
r-release-macos-arm64 0.3.2 55.00 OK
r-release-macos-x86_64 0.3.2 103.00 OK
r-release-windows-x86_64 0.3.2 11.00 131.00 142.00 OK
r-oldrel-macos-arm64 0.3.2 59.00 OK
r-oldrel-macos-x86_64 0.3.2 110.00 OK
r-oldrel-windows-x86_64 0.3.2 14.00 155.00 169.00 OK

Check Details

Version: 0.3.2
Check: Rd cross-references
Result: NOTE Found the following Rd file(s) with Rd \link{} targets missing package anchors: directed_erdos_renyi.Rd: Matrix directed_factor_model.Rd: Matrix erdos_renyi.Rd: Matrix undirected_factor_model.Rd: Matrix Please provide package anchors for all Rd \link{} targets not in the package itself and the base packages. Flavors: r-devel-linux-x86_64-debian-clang, r-devel-linux-x86_64-debian-gcc, r-devel-windows-x86_64