Last updated on 2025-01-19 05:49:08 CET.
Flavor | Version | Tinstall | Tcheck | Ttotal | Status | Flags |
---|---|---|---|---|---|---|
r-devel-linux-x86_64-debian-clang | 0.6-192 | 117.80 | 174.68 | 292.48 | OK | |
r-devel-linux-x86_64-debian-gcc | 0.6-192 | 80.71 | 118.34 | 199.05 | OK | |
r-devel-linux-x86_64-fedora-clang | 0.6-192 | 537.58 | OK | |||
r-devel-linux-x86_64-fedora-gcc | 0.6-192 | 533.83 | OK | |||
r-devel-windows-x86_64 | 0.6-192 | 132.00 | 207.00 | 339.00 | OK | |
r-patched-linux-x86_64 | 0.6-192 | 115.49 | 163.92 | 279.41 | NOTE | |
r-release-linux-x86_64 | 0.6-192 | 111.71 | 164.71 | 276.42 | NOTE | |
r-release-macos-arm64 | 0.6-192 | 156.00 | NOTE | |||
r-release-macos-x86_64 | 0.6-192 | 335.00 | NOTE | |||
r-release-windows-x86_64 | 0.6-192 | 129.00 | 199.00 | 328.00 | NOTE | |
r-oldrel-macos-arm64 | 0.6-192 | 182.00 | NOTE | |||
r-oldrel-macos-x86_64 | 0.6-192 | 272.00 | NOTE | |||
r-oldrel-windows-x86_64 | 0.6-192 | 156.00 | 250.00 | 406.00 | NOTE |
Version: 0.6-192
Check: for GNU extensions in Makefiles
Result: NOTE
GNU make is a SystemRequirements.
Flavors: r-patched-linux-x86_64, r-release-linux-x86_64, r-release-macos-arm64, r-release-macos-x86_64, r-release-windows-x86_64, r-oldrel-macos-arm64, r-oldrel-macos-x86_64, r-oldrel-windows-x86_64
Version: 0.6-192
Check: installed package size
Result: NOTE
installed size is 10.6Mb
sub-directories of 1Mb or more:
data 4.7Mb
libs 5.1Mb
Flavors: r-release-macos-arm64, r-release-macos-x86_64, r-release-windows-x86_64, r-oldrel-macos-arm64, r-oldrel-macos-x86_64, r-oldrel-windows-x86_64