Last updated on 2025-01-19 05:49:08 CET.
Flavor | Version | Tinstall | Tcheck | Ttotal | Status | Flags |
---|---|---|---|---|---|---|
r-devel-linux-x86_64-debian-clang | 2.2.2 | 23.97 | 245.45 | 269.42 | OK | |
r-devel-linux-x86_64-debian-gcc | 2.2.2 | 17.34 | 170.18 | 187.52 | OK | |
r-devel-linux-x86_64-fedora-clang | 2.2.2 | 446.57 | OK | |||
r-devel-linux-x86_64-fedora-gcc | 2.2.2 | 450.93 | OK | |||
r-devel-windows-x86_64 | 2.2.2 | 71.00 | 1172.00 | 1243.00 | OK | |
r-patched-linux-x86_64 | 2.2.2 | 35.24 | 228.88 | 264.12 | OK | |
r-release-linux-x86_64 | 2.2.2 | 21.29 | 227.78 | 249.07 | OK | |
r-release-macos-arm64 | 2.2.2 | 94.00 | NOTE | |||
r-release-macos-x86_64 | 2.2.2 | 183.00 | NOTE | |||
r-release-windows-x86_64 | 2.2.2 | 73.00 | 1103.00 | 1176.00 | NOTE | |
r-oldrel-macos-arm64 | 2.2.2 | 112.00 | NOTE | |||
r-oldrel-macos-x86_64 | 2.2.2 | 194.00 | NOTE | |||
r-oldrel-windows-x86_64 | 2.2.2 | 67.00 | 843.00 | 910.00 | NOTE |
Version: 2.2.2
Check: installed package size
Result: NOTE
installed size is 5.2Mb
sub-directories of 1Mb or more:
doc 2.9Mb
help 1.3Mb
Flavors: r-release-macos-arm64, r-release-macos-x86_64, r-release-windows-x86_64, r-oldrel-macos-arm64, r-oldrel-macos-x86_64, r-oldrel-windows-x86_64