Last updated on 2025-01-19 05:49:08 CET.
Flavor | Version | Tinstall | Tcheck | Ttotal | Status | Flags |
---|---|---|---|---|---|---|
r-devel-linux-x86_64-debian-clang | 0.14.6 | 100.14 | 409.57 | 509.71 | OK | |
r-devel-linux-x86_64-debian-gcc | 0.14.6 | 72.56 | 246.35 | 318.91 | OK | |
r-devel-linux-x86_64-fedora-clang | 0.14.6 | 867.10 | OK | |||
r-devel-linux-x86_64-fedora-gcc | 0.14.6 | 862.24 | OK | |||
r-devel-windows-x86_64 | 0.14.6 | 111.00 | 296.00 | 407.00 | OK | |
r-patched-linux-x86_64 | 0.14.6 | 108.43 | 376.39 | 484.82 | OK | |
r-release-linux-x86_64 | 0.14.6 | 106.84 | 381.88 | 488.72 | OK | |
r-release-macos-arm64 | 0.14.6 | 181.00 | NOTE | |||
r-release-macos-x86_64 | 0.14.6 | 212.00 | NOTE | |||
r-release-windows-x86_64 | 0.14.6 | 113.00 | 284.00 | 397.00 | NOTE | |
r-oldrel-macos-arm64 | 0.14.6 | 191.00 | NOTE | |||
r-oldrel-macos-x86_64 | 0.14.6 | 264.00 | NOTE | |||
r-oldrel-windows-x86_64 | 0.14.6 | 125.00 | 356.00 | 481.00 | NOTE |
Version: 0.14.6
Check: installed package size
Result: NOTE
installed size is 18.2Mb
sub-directories of 1Mb or more:
doc 2.5Mb
help 1.8Mb
libs 12.6Mb
Flavors: r-release-macos-arm64, r-release-macos-x86_64, r-release-windows-x86_64, r-oldrel-macos-arm64, r-oldrel-macos-x86_64, r-oldrel-windows-x86_64