Last updated on 2024-04-20 20:00:04 CEST.
Flavor | Version | Tinstall | Tcheck | Ttotal | Status | Flags |
---|---|---|---|---|---|---|
r-devel-linux-x86_64-debian-clang | 0.6-4 | 3.70 | 22.13 | 25.83 | OK | |
r-devel-linux-x86_64-debian-gcc | 0.6-4 | 2.65 | 17.21 | 19.86 | OK | |
r-devel-linux-x86_64-fedora-clang | 0.6-4 | 32.92 | NOTE | |||
r-devel-linux-x86_64-fedora-gcc | 0.6-4 | 32.18 | NOTE | |||
r-prerel-macos-arm64 | 0.6-4 | 17.00 | OK | |||
r-prerel-macos-x86_64 | 0.6-4 | 35.00 | OK | |||
r-prerel-windows-x86_64 | 0.6-4 | 6.00 | 39.00 | 45.00 | OK | |
r-patched-linux-x86_64 | 0.6-4 | 2.97 | 21.73 | 24.70 | OK | |
r-release-linux-x86_64 | 0.6-4 | 3.20 | 20.91 | 24.11 | OK | |
r-release-macos-arm64 | 0.6-4 | 20.00 | OK | |||
r-release-macos-x86_64 | 0.6-4 | 35.00 | OK | |||
r-release-windows-x86_64 | 0.6-4 | 8.00 | 43.00 | 51.00 | OK | |
r-oldrel-macos-arm64 | 0.6-4 | 21.00 | OK | |||
r-oldrel-windows-x86_64 | 0.6-4 | 8.00 | 63.00 | 71.00 | OK |
Version: 0.6-4
Check: compiled code
Result: NOTE
File ‘fastdigest/libs/fastdigest.so’:
Found no call to: ‘R_useDynamicSymbols’
It is good practice to register native routines and to disable symbol
search.
See ‘Writing portable packages’ in the ‘Writing R Extensions’ manual.
Flavors: r-devel-linux-x86_64-fedora-clang, r-devel-linux-x86_64-fedora-gcc