Last updated on 2025-01-19 05:49:08 CET.
Flavor | Version | Tinstall | Tcheck | Ttotal | Status | Flags |
---|---|---|---|---|---|---|
r-devel-linux-x86_64-debian-clang | 1.2 | 13.15 | 21.83 | 34.98 | NOTE | |
r-devel-linux-x86_64-debian-gcc | 1.2 | 9.95 | 17.04 | 26.99 | NOTE | |
r-devel-linux-x86_64-fedora-clang | 1.2 | 64.40 | NOTE | |||
r-devel-linux-x86_64-fedora-gcc | 1.2 | 64.75 | NOTE | |||
r-devel-windows-x86_64 | 1.2 | 17.00 | 63.00 | 80.00 | NOTE | |
r-patched-linux-x86_64 | 1.2 | 14.28 | 21.08 | 35.36 | NOTE | |
r-release-linux-x86_64 | 1.2 | 12.79 | 20.97 | 33.76 | NOTE | |
r-release-macos-arm64 | 1.2 | 21.00 | NOTE | |||
r-release-macos-x86_64 | 1.2 | 38.00 | NOTE | |||
r-release-windows-x86_64 | 1.2 | 17.00 | 63.00 | 80.00 | NOTE | |
r-oldrel-macos-arm64 | 1.2 | 23.00 | NOTE | |||
r-oldrel-macos-x86_64 | 1.2 | 37.00 | NOTE | |||
r-oldrel-windows-x86_64 | 1.2 | 18.00 | 69.00 | 87.00 | NOTE |
Version: 1.2
Check: C++ specification
Result: NOTE
Specified C++11: please drop specification unless essential
Flavors: r-devel-linux-x86_64-debian-clang, r-devel-linux-x86_64-debian-gcc, r-devel-linux-x86_64-fedora-clang, r-devel-linux-x86_64-fedora-gcc, r-devel-windows-x86_64, r-patched-linux-x86_64, r-release-linux-x86_64, r-release-macos-arm64, r-release-macos-x86_64, r-release-windows-x86_64, r-oldrel-macos-arm64, r-oldrel-macos-x86_64, r-oldrel-windows-x86_64