CRAN Package Check Results for Package fastpos

Last updated on 2025-01-19 05:49:08 CET.

Flavor Version Tinstall Tcheck Ttotal Status Flags
r-devel-linux-x86_64-debian-clang 0.5.1 22.77 83.61 106.38 NOTE
r-devel-linux-x86_64-debian-gcc 0.5.1 15.32 60.62 75.94 NOTE
r-devel-linux-x86_64-fedora-clang 0.5.1 180.33 NOTE
r-devel-linux-x86_64-fedora-gcc 0.5.1 166.74 NOTE
r-devel-windows-x86_64 0.5.1 27.00 119.00 146.00 NOTE
r-patched-linux-x86_64 0.5.1 20.04 78.16 98.20 NOTE
r-release-linux-x86_64 0.5.1 21.21 76.30 97.51 NOTE
r-release-macos-arm64 0.5.1 41.00 NOTE
r-release-macos-x86_64 0.5.1 62.00 NOTE
r-release-windows-x86_64 0.5.1 26.00 112.00 138.00 NOTE
r-oldrel-macos-arm64 0.5.1 46.00 NOTE
r-oldrel-macos-x86_64 0.5.1 72.00 NOTE
r-oldrel-windows-x86_64 0.5.1 29.00 138.00 167.00 NOTE

Check Details

Version: 0.5.1
Check: C++ specification
Result: NOTE Specified C++11: please drop specification unless essential Flavors: r-devel-linux-x86_64-debian-clang, r-devel-linux-x86_64-debian-gcc, r-devel-linux-x86_64-fedora-clang, r-devel-linux-x86_64-fedora-gcc, r-devel-windows-x86_64, r-patched-linux-x86_64, r-release-linux-x86_64, r-release-macos-arm64, r-release-macos-x86_64, r-release-windows-x86_64, r-oldrel-macos-arm64, r-oldrel-macos-x86_64, r-oldrel-windows-x86_64