CRAN Package Check Results for Package fat2Lpoly

Last updated on 2025-01-19 05:49:08 CET.

Flavor Version Tinstall Tcheck Ttotal Status Flags
r-devel-linux-x86_64-debian-clang 1.2.5 9.41 78.23 87.64 NOTE
r-devel-linux-x86_64-debian-gcc 1.2.5 7.20 57.69 64.89 NOTE
r-devel-linux-x86_64-fedora-clang 1.2.5 140.57 OK
r-devel-linux-x86_64-fedora-gcc 1.2.5 135.38 OK
r-devel-windows-x86_64 1.2.5 12.00 88.00 100.00 NOTE
r-patched-linux-x86_64 1.2.5 11.17 73.49 84.66 OK
r-release-linux-x86_64 1.2.5 9.82 74.11 83.93 OK
r-release-macos-arm64 1.2.5 43.00 OK
r-release-macos-x86_64 1.2.5 66.00 OK
r-release-windows-x86_64 1.2.5 12.00 88.00 100.00 OK
r-oldrel-macos-arm64 1.2.5 49.00 OK
r-oldrel-macos-x86_64 1.2.5 83.00 OK
r-oldrel-windows-x86_64 1.2.5 11.00 102.00 113.00 OK

Check Details

Version: 1.2.5
Check: Rd cross-references
Result: NOTE Found the following Rd file(s) with Rd \link{} targets missing package anchors: fat2Lpoly.Rd: kinship fat2Lpoly.withinR.Rd: kinship Please provide package anchors for all Rd \link{} targets not in the package itself and the base packages. Flavors: r-devel-linux-x86_64-debian-clang, r-devel-linux-x86_64-debian-gcc, r-devel-windows-x86_64