Last updated on 2024-04-17 13:57:27 CEST.
Flavor | Version | Tinstall | Tcheck | Ttotal | Status | Flags |
---|---|---|---|---|---|---|
r-devel-linux-x86_64-debian-clang | 0.4.1 | 97.26 | 68.78 | 166.04 | NOTE | |
r-devel-linux-x86_64-debian-gcc | 0.4.1 | 69.81 | 51.41 | 121.22 | NOTE | |
r-devel-linux-x86_64-fedora-clang | 0.4.1 | 242.16 | NOTE | |||
r-devel-linux-x86_64-fedora-gcc | 0.4.1 | 218.63 | NOTE | |||
r-prerel-macos-arm64 | 0.4.1 | 46.00 | NOTE | |||
r-prerel-windows-x86_64 | 0.4.1 | 73.00 | 93.00 | 166.00 | NOTE | |
r-patched-linux-x86_64 | 0.4.1 | 84.49 | 65.32 | 149.81 | NOTE | |
r-release-linux-x86_64 | 0.4.1 | 81.32 | 67.12 | 148.44 | OK | |
r-release-macos-arm64 | 0.4.1 | 52.00 | OK | |||
r-release-macos-x86_64 | 0.4.1 | 87.00 | OK | |||
r-release-windows-x86_64 | 0.4.1 | 89.00 | 111.00 | 200.00 | OK | |
r-oldrel-macos-arm64 | 0.4.1 | 51.00 | OK | |||
r-oldrel-windows-x86_64 | 0.4.1 | 87.00 | 106.00 | 193.00 | OK |
Version: 0.4.1
Check: Rd files
Result: NOTE
checkRd: (-1) plot.fbroc.conf.Rd:5: Lost braces
5 | \title{Plots function for object of class{fbroc.conf}}
| ^
Flavors: r-devel-linux-x86_64-debian-clang, r-devel-linux-x86_64-debian-gcc, r-devel-linux-x86_64-fedora-clang, r-devel-linux-x86_64-fedora-gcc, r-prerel-macos-arm64, r-prerel-windows-x86_64, r-patched-linux-x86_64