Last updated on 2024-05-01 16:52:54 CEST.
Flavor | Version | Tinstall | Tcheck | Ttotal | Status | Flags |
---|---|---|---|---|---|---|
r-devel-linux-x86_64-debian-clang | 0.1.0 | 182.07 | 170.88 | 352.95 | NOTE | |
r-devel-linux-x86_64-debian-gcc | 0.1.0 | 166.07 | 131.16 | 297.23 | NOTE | |
r-devel-linux-x86_64-fedora-clang | 0.1.0 | 449.23 | NOTE | |||
r-devel-linux-x86_64-fedora-gcc | 0.1.0 | 511.34 | NOTE | |||
r-devel-windows-x86_64 | 0.1.0 | 143.00 | 146.00 | 289.00 | NOTE | |
r-patched-linux-x86_64 | 0.1.0 | 146.15 | 170.93 | 317.08 | NOTE | |
r-release-linux-x86_64 | 0.1.0 | 159.24 | 167.97 | 327.21 | NOTE | |
r-release-macos-arm64 | 0.1.0 | 118.00 | NOTE | |||
r-release-windows-x86_64 | 0.1.0 | 151.00 | 150.00 | 301.00 | NOTE | |
r-oldrel-macos-arm64 | 0.1.0 | 102.00 | NOTE | |||
r-oldrel-macos-x86_64 | 0.1.0 | 144.00 | NOTE | |||
r-oldrel-windows-x86_64 | 0.1.0 | 185.00 | 176.00 | 361.00 | NOTE |
Version: 0.1.0
Check: for GNU extensions in Makefiles
Result: NOTE
GNU make is a SystemRequirements.
Flavors: r-devel-linux-x86_64-debian-clang, r-devel-linux-x86_64-debian-gcc, r-devel-linux-x86_64-fedora-clang, r-devel-linux-x86_64-fedora-gcc, r-devel-windows-x86_64, r-patched-linux-x86_64, r-release-linux-x86_64, r-release-macos-arm64, r-release-windows-x86_64, r-oldrel-macos-arm64, r-oldrel-macos-x86_64, r-oldrel-windows-x86_64
Version: 0.1.0
Check: dependencies in R code
Result: NOTE
Namespaces in Imports field not imported from:
‘RcppParallel’ ‘rstantools’
All declared Imports should be used.
Flavors: r-devel-linux-x86_64-fedora-clang, r-devel-linux-x86_64-fedora-gcc
Version: 0.1.0
Check: installed package size
Result: NOTE
installed size is 48.3Mb
sub-directories of 1Mb or more:
libs 47.8Mb
Flavors: r-release-macos-arm64, r-oldrel-macos-arm64, r-oldrel-macos-x86_64