Last updated on 2024-04-17 13:57:27 CEST.
Flavor | Version | Tinstall | Tcheck | Ttotal | Status | Flags |
---|---|---|---|---|---|---|
r-devel-linux-x86_64-debian-clang | 0.1.21 | 4.34 | 45.41 | 49.75 | NOTE | |
r-devel-linux-x86_64-debian-gcc | 0.1.21 | 2.71 | 34.86 | 37.57 | NOTE | |
r-devel-linux-x86_64-fedora-clang | 0.1.21 | 62.90 | NOTE | |||
r-devel-linux-x86_64-fedora-gcc | 0.1.21 | 110.31 | NOTE | |||
r-prerel-macos-arm64 | 0.1.21 | 42.00 | NOTE | |||
r-prerel-windows-x86_64 | 0.1.21 | 6.00 | 54.00 | 60.00 | NOTE | |
r-patched-linux-x86_64 | 0.1.21 | 4.36 | 43.03 | 47.39 | NOTE | |
r-release-linux-x86_64 | 0.1.21 | 4.61 | 40.36 | 44.97 | NOTE | |
r-release-macos-arm64 | 0.1.21 | 40.00 | NOTE | |||
r-release-macos-x86_64 | 0.1.21 | 65.00 | NOTE | |||
r-release-windows-x86_64 | 0.1.21 | 6.00 | 59.00 | 65.00 | NOTE | |
r-oldrel-macos-arm64 | 0.1.21 | 29.00 | NOTE | |||
r-oldrel-windows-x86_64 | 0.1.21 | 6.00 | 62.00 | 68.00 | NOTE |
Version: 0.1.21
Check: LazyData
Result: NOTE
'LazyData' is specified without a 'data' directory
Flavors: r-devel-linux-x86_64-debian-clang, r-devel-linux-x86_64-debian-gcc, r-devel-linux-x86_64-fedora-clang, r-devel-linux-x86_64-fedora-gcc, r-prerel-macos-arm64, r-prerel-windows-x86_64, r-patched-linux-x86_64, r-release-linux-x86_64, r-release-macos-arm64, r-release-macos-x86_64, r-release-windows-x86_64, r-oldrel-macos-arm64, r-oldrel-windows-x86_64
Version: 0.1.21
Check: for non-standard things in the check directory
Result: NOTE
Found the following files/directories:
‘.Rprofile’
Flavors: r-devel-linux-x86_64-debian-clang, r-devel-linux-x86_64-debian-gcc, r-devel-linux-x86_64-fedora-clang, r-devel-linux-x86_64-fedora-gcc, r-patched-linux-x86_64, r-release-linux-x86_64