CRAN Package Check Results for Package fda.usc

Last updated on 2019-12-13 12:49:29 CET.

Flavor Version Tinstall Tcheck Ttotal Status Flags
r-devel-linux-x86_64-debian-clang 2.0.0 42.73 206.01 248.74 ERROR
r-devel-linux-x86_64-debian-gcc 2.0.0 34.57 152.29 186.86 ERROR
r-devel-linux-x86_64-fedora-clang 2.0.0 295.79 NOTE
r-devel-linux-x86_64-fedora-gcc 2.0.0 304.61 NOTE
r-devel-windows-ix86+x86_64 2.0.0 53.00 315.00 368.00 OK
r-devel-windows-ix86+x86_64-gcc8 2.0.0 58.00 336.00 394.00 OK
r-patched-linux-x86_64 2.0.0 36.17 183.10 219.27 OK
r-patched-solaris-x86 2.0.0 330.40 NOTE
r-release-linux-x86_64 2.0.0 34.04 186.00 220.04 OK
r-release-windows-ix86+x86_64 2.0.0 61.00 224.00 285.00 OK
r-release-osx-x86_64 2.0.0 NOTE
r-oldrel-windows-ix86+x86_64 2.0.0 46.00 191.00 237.00 OK
r-oldrel-osx-x86_64 2.0.0 NOTE

Check Details

Version: 2.0.0
Check: examples
Result: ERROR
    Running examples in 'fda.usc-Ex.R' failed
    The error most likely occurred in:
    
    > base::assign(".ptime", proc.time(), pos = "CheckExEnv")
    > ### Name: PCvM.statistic
    > ### Title: PCvM statistic for the Functional Linear Model with scalar
    > ### response
    > ### Aliases: PCvM.statistic Adot
    > ### Keywords: htest
    >
    > ### ** Examples
    >
    > # Functional process
    > X=rproc2fdata(n=10,t=seq(0,1,l=101))
    Error in switch(class(mdata), matrix = { : EXPR must be a length 1 vector
    Calls: rproc2fdata -> fdata
    Execution halted
Flavors: r-devel-linux-x86_64-debian-clang, r-devel-linux-x86_64-debian-gcc

Version: 2.0.0
Check: data for non-ASCII characters
Result: NOTE
     Note: found 76 marked UTF-8 strings
Flavors: r-devel-linux-x86_64-fedora-clang, r-devel-linux-x86_64-fedora-gcc, r-patched-solaris-x86, r-release-osx-x86_64, r-oldrel-osx-x86_64