CRAN Package Check Results for Package fda.usc

Last updated on 2020-07-12 12:47:30 CEST.

Flavor Version Tinstall Tcheck Ttotal Status Flags
r-devel-linux-x86_64-debian-clang 2.0.2 43.96 216.01 259.97 OK
r-devel-linux-x86_64-debian-gcc 2.0.2 36.61 160.33 196.94 OK
r-devel-linux-x86_64-fedora-clang 2.0.2 316.62 NOTE
r-devel-linux-x86_64-fedora-gcc 2.0.2 304.57 NOTE
r-devel-windows-ix86+x86_64 2.0.2 63.00 318.00 381.00 OK
r-patched-linux-x86_64 2.0.2 38.49 214.77 253.26 OK
r-patched-solaris-x86 2.0.2 372.70 NOTE
r-release-linux-x86_64 2.0.2 40.15 216.96 257.11 OK
r-release-macos-x86_64 2.0.2 NOTE
r-release-windows-ix86+x86_64 2.0.2 91.00 253.00 344.00 OK
r-oldrel-macos-x86_64 2.0.2 NOTE
r-oldrel-windows-ix86+x86_64 2.0.2 72.00 230.00 302.00 OK

Check Details

Version: 2.0.2
Check: data for non-ASCII characters
Result: NOTE
     Note: found 76 marked UTF-8 strings
Flavors: r-devel-linux-x86_64-fedora-clang, r-devel-linux-x86_64-fedora-gcc, r-patched-solaris-x86, r-release-macos-x86_64, r-oldrel-macos-x86_64