CRAN Package Check Results for Package fdadensity

Last updated on 2025-01-19 05:49:08 CET.

Flavor Version Tinstall Tcheck Ttotal Status Flags
r-devel-linux-x86_64-debian-clang 0.1.2 13.09 44.15 57.24 NOTE
r-devel-linux-x86_64-debian-gcc 0.1.2 10.02 32.79 42.81 NOTE
r-devel-linux-x86_64-fedora-clang 0.1.2 102.10 OK
r-devel-linux-x86_64-fedora-gcc 0.1.2 99.82 OK
r-devel-windows-x86_64 0.1.2 18.00 88.00 106.00 NOTE
r-patched-linux-x86_64 0.1.2 18.93 43.79 62.72 OK
r-release-linux-x86_64 0.1.2 13.40 42.59 55.99 OK
r-release-macos-arm64 0.1.2 33.00 OK
r-release-macos-x86_64 0.1.2 43.00 OK
r-release-windows-x86_64 0.1.2 18.00 86.00 104.00 OK
r-oldrel-macos-arm64 0.1.2 36.00 OK
r-oldrel-macos-x86_64 0.1.2 55.00 OK
r-oldrel-windows-x86_64 0.1.2 21.00 102.00 123.00 OK

Check Details

Version: 0.1.2
Check: Rd cross-references
Result: NOTE Found the following Rd file(s) with Rd \link{} targets missing package anchors: FPCAdens.Rd: FPCA Please provide package anchors for all Rd \link{} targets not in the package itself and the base packages. Flavors: r-devel-linux-x86_64-debian-clang, r-devel-linux-x86_64-debian-gcc, r-devel-windows-x86_64